{"id":78,"date":"2023-02-22T08:21:55","date_gmt":"2023-02-22T07:21:55","guid":{"rendered":"https:\/\/d.annabeille.fr\/?page_id=78"},"modified":"2023-02-22T08:21:55","modified_gmt":"2023-02-22T07:21:55","slug":"mentions-legales","status":"publish","type":"page","link":"https:\/\/d.annabeille.fr\/?page_id=78","title":{"rendered":"Mentions l\u00e9gales"},"content":{"rendered":"\n<h2 class=\"wp-block-heading\">EDITEUR DU SITE<\/h2>\n\n\n\n<p>La Soci\u00e9t\u00e9 LES PETITS PANIERS D\u2019ANNE est un Entrepreneur individuel, immatricul\u00e9e au RCS Paris \u2013 N\u00b0 SIRET 84797966300022 \u2013 N\u00b0 TVA intracommunautaire FR26847979663, dont le si\u00e8ge social est 384, ALL DE BELLEVUE, 24100 LEMBRAS \u00e9dite le site annabeille.fr.<\/p>\n\n\n\n<p>Le site est h\u00e9berg\u00e9 par OVH.&nbsp;<\/p>\n\n\n\n<p>Cette boutique en ligne a \u00e9t\u00e9 cr\u00e9\u00e9e \u00e0 l&#8217;aide du logiciel PrestaShop.<\/p>\n\n\n\n<p>Le directeur de la publication est ANNE MATHIAS :&nbsp;<\/p>\n\n\n\n<h3 class=\"wp-block-heading\">Pour signaler un abus, \u00e9crivez \u00e0 en mentionnant les informations suivantes :<\/h3>\n\n\n\n<ul class=\"wp-block-list\">\n<li>L\u2019Url de la page probl\u00e9matique<\/li>\n\n\n\n<li>Copie du passage ou du lien probl\u00e9matique<\/li>\n\n\n\n<li>La justification de votre demande de suppression<\/li>\n\n\n\n<li>Votre nom, pr\u00e9nom, adresse physique et adresse email<\/li>\n<\/ul>\n\n\n\n<p>Les pr\u00e9sentes conditions d\u2019utilisation sont soumises \u00e0 la loi fran\u00e7aise.<\/p>\n\n\n\n<h2 class=\"wp-block-heading\">CONFIDENTIALITE DES INFORMATIONS<\/h2>\n\n\n\n<p>La confidentialit\u00e9 des informations que vous nous transmettez, est pour nous essentielle. Ces donn\u00e9es ne sont destin\u00e9es qu\u2019\u00e0 notre entreprise.<\/p>\n\n\n\n<h2 class=\"wp-block-heading\">CONDITIONS GENERALES D\u2019UTILISATION DU SITE ET DES SERVICES PROPOSES<\/h2>\n\n\n\n<p>L\u2019utilisation du site annabeille.fr implique l\u2019acceptation pleine et enti\u00e8re des conditions g\u00e9n\u00e9rales d\u2019utilisation et s\u2019engage \u00e0 les respecter. Ces conditions d\u2019utilisation sont susceptibles d\u2019\u00eatre modifi\u00e9es ou compl\u00e9t\u00e9es \u00e0 tout moment.<\/p>\n\n\n\n<h2 class=\"wp-block-heading\">DESCRIPTION DES SERVICES FOURNIS ET TARIFS<\/h2>\n\n\n\n<p>Le site annabeille.fr a pour objet de fournir des informations concernant l\u2019ensemble des services propos\u00e9s par la soci\u00e9t\u00e9 LES PETITS PANIERS D\u2019ANNE. Toutes les informations sur le site sont donn\u00e9es \u00e0 titre indicatif et sous r\u00e9serve de modifications ayant \u00e9t\u00e9 apport\u00e9es depuis leur mise en ligne. Par ailleurs, les renseignements figurant sur le site annabeille.fr ne sont pas exhaustifs. De plus, la soci\u00e9t\u00e9 LES PETITS PANIERS D\u2019ANNE ne saurait garantir l\u2019exactitude, la compl\u00e9tude et l\u2019actualit\u00e9 des informations diffus\u00e9es sur son site. Par cons\u00e9quent l\u2019utilisateur reconnait utiliser ces informations sous sa responsabilit\u00e9 exclusive.<\/p>\n\n\n\n<h2 class=\"wp-block-heading\">DONNEES PERSONNELLES<\/h2>\n\n\n\n<p>Veuillez vous r\u00e9f\u00e9rer \u00e0 notre Politique de confidentialit\u00e9.<\/p>\n\n\n\n<h2 class=\"wp-block-heading\">COOKIES<\/h2>\n\n\n\n<p>Veuillez vous r\u00e9f\u00e9rer \u00e0 notre Politique de confidentialit\u00e9.<\/p>\n\n\n\n<h2 class=\"wp-block-heading\">PROPRI\u00c9T\u00c9 INTELLECTUELLE<\/h2>\n\n\n\n<p>La structure g\u00e9n\u00e9rale ainsi que les logiciels, textes, images anim\u00e9es ou non, son savoir-faire et tous les autres \u00e9l\u00e9ments composant le site sont la propri\u00e9t\u00e9 exclusive de la soci\u00e9t\u00e9 LES PETITS PANIERS D\u2019ANNE. Toute repr\u00e9sentation totale ou partielle de ce site ou de son contenu par quelle que personne que ce soit, sans l\u2019autorisation expresse et \u00e9crite de la soci\u00e9t\u00e9 LES PETITS PANIERS D\u2019ANNE est interdite et constituerait une contrefa\u00e7on sanctionn\u00e9e par les articles L. 335-2 et suivants du Code de la propri\u00e9t\u00e9 intellectuelle qui d\u00e9finit la contrefa\u00e7on comme un d\u00e9lit. Toute demande peut \u00eatre faite via notre formulaire de contact ou bien directement \u00e0 l\u2019adresse email. Les marques la soci\u00e9t\u00e9 LES PETITS PANIERS D\u2019ANNE et de ses partenaires, ainsi que les logos figurant sur le site sont des marques d\u00e9pos\u00e9es. Toute reproduction totale ou partielle de ces marques ou de ces logos effectu\u00e9s \u00e0 partir des \u00e9l\u00e9ments du site sans l\u2019autorisation expresse de la soci\u00e9t\u00e9 LES PETITS PANIERS D\u2019ANNE est donc prohib\u00e9e au sens du Code de la propri\u00e9t\u00e9 intellectuelle.<\/p>\n\n\n\n<h3 class=\"wp-block-heading\">Propri\u00e9t\u00e9 intellectuelle sur les \u00e9l\u00e9ments du Site<\/h3>\n\n\n\n<p>LES PETITS PANIERS D\u2019ANNE d\u00e9tient tous droits ou autorisations sur les contenus et services et plus g\u00e9n\u00e9ralement sur tous les \u00e9l\u00e9ments constitutifs du site annabeille.fr, qui sont prot\u00e9g\u00e9s par le droit d\u2019auteur, le droit des marques, des dessins et mod\u00e8les, le droit des bases de donn\u00e9es et toute autre l\u00e9gislation applicable. Sauf autorisation expresse de LES PETITS PANIERS D\u2019ANNE, aucun logo, \u00e9l\u00e9ment graphique, texte, son ou image, vid\u00e9o ou article provenant de annabeille.fr ne peut \u00eatre copi\u00e9, reproduit ou diffus\u00e9 d\u2019une quelconque mani\u00e8re. L\u2019utilisation des articles ou vid\u00e9os \u00e0 partir du serveur annabeille.fr ou des flux RSS \u00e9mis par annabeille.fr est autoris\u00e9e, \u00e0 condition qu\u2019aucune modification ne leur soit apport\u00e9e et que l\u2019utilisation de ces articles soit exclusivement \u00e0 des fins personnelles et non \u00e0 des fins commerciales.<\/p>\n\n\n\n<p>La mise en place de liens profonds vers le site annabeille.fr requiert l\u2019autorisation expresse de LES PETITS PANIERS D\u2019ANNE.<\/p>\n\n\n\n<p>L\u2019utilisation des articles, vid\u00e9os ou commentaires \u00e0 toute autre fin est strictement prohib\u00e9e, toute personne ne respectant pas les pr\u00e9sentes dispositions se rend coupable du d\u00e9lit de contrefa\u00e7on et est passible des sanctions p\u00e9nales pr\u00e9vues par la loi, outre les dommages et int\u00e9r\u00eats que LES PETITS PANIERS D\u2019ANNE se r\u00e9serve le droit de solliciter en justice.<\/p>\n\n\n\n<p>Vos engagements sur la cession de vos droits de propri\u00e9t\u00e9 intellectuelle<\/p>\n\n\n\n<p>En soumettant un commentaire ou un article, vous accordez \u00e0 LES PETITS PANIERS D\u2019ANNE, \u00e0 titre exclusif, les droits d\u2019exploitation suivants sur les contenus soumis, en vue de leur exploitation sur le site et sur les sites partenaires, et le cas \u00e9ch\u00e9ant sur supports papier et\/ou audiovisuels :<\/p>\n\n\n\n<h4 class=\"wp-block-heading\">Le droit de reproduction, qui comporte:<\/h4>\n\n\n\n<ul class=\"wp-block-list\">\n<li>Sur les supports num\u00e9riques: (i) le droit de num\u00e9riser, faire num\u00e9riser, enregistrer, faire enregistrer, reproduire et faire reproduire tout ou partie de chaque article ou commentaire, de ses adaptations et traductions sur les m\u00e9moires de tous appareils permettant de stocker des donn\u00e9es num\u00e9ris\u00e9es, tels que les serveurs, disques durs d\u2019ordinateur, tablettes \u00e9lectroniques, t\u00e9l\u00e9phones portables, PDA, CD-Rom CD-I, CD-Photo et DVD, ou tout autre support d\u2019enregistrement actuel et futur (ii) le droit de faire et faire faire toute copie et exemplaires n\u00e9cessaires \u00e0 l\u2019exploitation de chaque article et\/ou commentaire, de ses adaptations ou traductions, (iii) le droit de r\u00e9aliser ou faire r\u00e9aliser tout montage de tous extraits des articles, de leurs adaptations ou traductions, destin\u00e9es \u00e0 leur exploitation commerciale, \u00e0 l\u2019information et \u00e0 la promotion du site annabeille.fr et de LES PETITS PANIERS D\u2019ANNE.<\/li>\n\n\n\n<li>Sur support papier : (i) le droit d\u2019imprimer, faire imprimer, et reproduire tout ou partie des articles et\/ou des commentaires sur tout support imprim\u00e9 existant ou \u00e0 venir, notamment en \u00e9dition de librairie, format poche, de luxe, par voie de presse (journaux, revues et magazines), sous forme int\u00e9grale, de recueil, condens\u00e9e, abr\u00e9g\u00e9e, s\u00e9par\u00e9ment ou r\u00e9uni avec d\u2019autres articles d\u2019auteurs tiers, ou avec d\u2019autres contenus, (ii) le droit de reproduire sur tout support tels que notamment des brochures, plaquettes, prospectus, flyers, cartes postales, cartons d\u2019invitation, carnets, sur tout article de pap\u00e8terie.<\/li>\n\n\n\n<li>Le droit d\u2019enregistrer tout ou partie de l\u2019article ou du commentaire \u00e0 titre de marque dans toute classe, de l\u2019exploiter et de la c\u00e9der.<\/li>\n<\/ul>\n\n\n\n<h4 class=\"wp-block-heading\">Le droit de repr\u00e9sentation, qui comporte:<\/h4>\n\n\n\n<ul class=\"wp-block-list\">\n<li>Le droit de repr\u00e9senter ou faire repr\u00e9senter, en tous lieux et tout pays tout ou partie de chaque article, de ses adaptations et traductions en toute langue, par tout proc\u00e9d\u00e9 actuel ou futur de communication au public, le cas \u00e9ch\u00e9ant par r\u00e9citation, par communication au public en ligne, sur Internet, Intranet, sur t\u00e9l\u00e9phone portable, tablette \u00e9lectronique, t\u00e9l\u00e9vision num\u00e9rique.<\/li>\n\n\n\n<li>Le droit de diffuser ou faire diffuser les articles par tout moyen de t\u00e9l\u00e9communication, radio, satellite, t\u00e9l\u00e9vision ou c\u00e2ble.<\/li>\n\n\n\n<li>Le droit de repr\u00e9senter les articles ou commentaires dans toute manifestation publique, festival, manifestation culturelle, professionnelle, d\u2019information ou de promotion et de publicit\u00e9.<\/li>\n<\/ul>\n\n\n\n<h4 class=\"wp-block-heading\">Le droit d\u2019adaptation et de traduction, qui comporte:<\/h4>\n\n\n\n<ul class=\"wp-block-list\">\n<li>Le droit d\u2019adapter et de modifier les articles, en tout ou en partie, et, notamment, de r\u00e9aliser toutes formes de d\u00e9clinaison de l\u2019article, tout arrangement de couleurs, sur tous formats, par tous proc\u00e9d\u00e9s techniques et sur tous supports<\/li>\n\n\n\n<li>Le droit de traduire les articles en quelque langue que ce soit, en extrait ou en int\u00e9gralit\u00e9.<\/li>\n<\/ul>\n\n\n\n<h4 class=\"wp-block-heading\">le droit d\u2019adaptation de tout ou partie des articles ou du commentaire sous forme d\u2019\u0153uvre audiovisuelle en vue de :<\/h4>\n\n\n\n<ul class=\"wp-block-list\">\n<li>son exploitation cin\u00e9matographique, vid\u00e9ographique et t\u00e9l\u00e9visuelle ainsi que les droits (i) de reproduction sur tout support d\u2019enregistrement audiovisuel et num\u00e9rique, et (ii) de repr\u00e9sentation aff\u00e9rents \u00e0 ces adaptations par projection publique \u00e0 titre gratuit ou on\u00e9reux, par t\u00e9l\u00e9diffusion primaire, en clair ou cod\u00e9e, par voie hertzienne, satellite ou par c\u00e2ble de distribution, en vue de sa communication dans un lieu priv\u00e9 \u00e0 titre gratuit ou on\u00e9reux, par transmission dans un lieu public de l\u2019\u0153uvre t\u00e9l\u00e9diffus\u00e9e \u00e0 titre gratuit ou on\u00e9reux, par retransmission par c\u00e2ble ou par satellite ou hertzienne, simultan\u00e9e ou en diff\u00e9r\u00e9.<\/li>\n\n\n\n<li>son exploitation multim\u00e9dia, notamment le droit d\u2019incorporer tout ou partie des adaptations audiovisuelles dans une \u0153uvre multim\u00e9dia, ce sous r\u00e9serve du paiement des actes d\u2019exploitation par LES PETITS PANIERS D\u2019ANNE et\/ou ses cessionnaires, aupr\u00e8s de Sesam, des redevances en vigueur.<\/li>\n\n\n\n<li>Le droit d\u2019exploiter ou faire exploiter les articles et ou commentaires \u00e0 des fins promotionnelles, publicitaires, artistiques ou culturelles, sur tout support tels que notamment affiches, affichettes, posters, cartes postales, billets de spectacle, cartons d\u2019invitation, mailings, d\u00e9pliants, brochures, plaquettes et toutes autre \u00e9ditions, tee-shirts, jeux, figurines et tout article de merchandising, pochettes, jaquettes, boitiers, livret, spots publicitaires t\u00e9l\u00e9visuels, vid\u00e9ographiques ou cin\u00e9matographiques<\/li>\n\n\n\n<li>le droit de mettre et\/ou faire mettre en circulation dans le monde entier les originaux, doubles ou copies des articles, pour toute communication au public, et plus g\u00e9n\u00e9ralement pour toute exploitation dont les exploitations secondaires ou d\u00e9riv\u00e9es.<\/li>\n<\/ul>\n\n\n\n<p>LES PETITS PANIERS D\u2019ANNE pourra \u00e9galement c\u00e9der ces droits \u00e0 tout tiers de son choix. Cette cession de droit est consentie pour le monde entier, et pour une dur\u00e9e initiale de quinze ans, renouvelable par tacite reconduction.<\/p>\n\n\n\n<p>LES PETITS PANIERS D\u2019ANNE aura seul le pouvoir de consentir les autorisations et cessions n\u00e9cessaires sous r\u00e9serve de l\u2019exercice de votre droit moral et du droit de citation.<\/p>\n\n\n\n<p>Au cas o\u00f9 le pr\u00e9sent contrat se trouverait r\u00e9sili\u00e9 pour quelque motif que ce soit, cette r\u00e9siliation serait sans influence sur la validit\u00e9 des cessions ou autorisations sur les droits de reproduction, d\u2019adaptation et de repr\u00e9sentation ant\u00e9rieurement consenties par LES PETITS PANIERS D\u2019ANNE \u00e0 des tiers.<\/p>\n\n\n\n<p>LES PETITS PANIERS D\u2019ANNE peut supprimer un commentaire ou un article \u00e0 tout moment, de mani\u00e8re discr\u00e9tionnaire et sans notification.<\/p>\n\n\n\n<p>Pour chaque article ou commentaire, vous d\u00e9clarez disposer de tous les droits n\u00e9cessaires afin de pouvoir c\u00e9der les droits mentionn\u00e9s au pr\u00e9sent contrat. Vous garantissez LES PETITS PANIERS D\u2019ANNE contre tout trouble de jouissance relatif \u00e0 l\u2019exploitation des articles et commentaires. Vous garantissez en cons\u00e9quence LES PETITS PANIERS D\u2019ANNE contre tous recours ou action en relation avec les articles et commentaires, et vous engagez \u00e0 indemniser LES PETITS PANIERS D\u2019ANNE de toutes leurs cons\u00e9quences p\u00e9cuniaires \u00e9ventuelles, y compris les frais d\u2019avocat qui resteraient \u00e0 la charge de LES PETITS PANIERS D\u2019ANNE, quelle que soit l\u2019origine, la cause ou la nature des recours ou actions.<\/p>\n\n\n\n<h3 class=\"wp-block-heading\">Mentions relatives aux marques et contenus de tiers<\/h3>\n\n\n\n<p>Les noms des \u00e9diteurs, des m\u00e9dias, des services, et plus g\u00e9n\u00e9ralement des soci\u00e9t\u00e9s ou produits \u00e9ventuellement mentionn\u00e9s sur annabeille.fr sont les marques de leurs propri\u00e9taires respectifs. Les contenus compris dans les publicit\u00e9s sont \u00e9galement prot\u00e9g\u00e9s par le droit d\u2019auteur ou le droit des marques.<\/p>\n\n\n\n<h2 class=\"wp-block-heading\">HYPERLIENS<\/h2>\n\n\n\n<h3 class=\"wp-block-heading\">ETABLISSEMENT DE LIENS VERS LES PAGES DU SITE \u00ab ADRESSE DU SITE INTERNET \u00bb<\/h3>\n\n\n\n<p>Tous les liens vers la page d\u2019accueil ou l\u2019une des pages internet du site annabeille.fr peuvent \u00eatre librement \u00e9tablis d\u00e8s lors qu\u2019ils ne sont pas utilis\u00e9s \u00e0 des fins commerciales ou publicitaires, sous r\u00e9serve que la mention \u00ab sur le site annabeille.fr \u00bb, ou toute autre mention \u00e9quivalente ou plus pr\u00e9cise soit indiqu\u00e9e clairement sur le lien ou \u00e0 proximit\u00e9 du lien, et que les auteurs en aient pr\u00e9alablement inform\u00e9 ladite soci\u00e9t\u00e9. Cette autorisation ne s\u2019applique pas aux sites internet diffusant des informations \u00e0 caract\u00e8re illicite, violent, pol\u00e9mique, pornographique, x\u00e9nophobe ou pouvant porter atteinte \u00e0 la sensibilit\u00e9 du plus grand nombre.<\/p>\n\n\n\n<h2 class=\"wp-block-heading\">INCLUSION ET UTILISATION DE FRAME<\/h2>\n\n\n\n<p>Toute utilisation ou reproduction m\u00eame partielle d\u2019un des \u00e9l\u00e9ments du site annabeille.fr \u00e0 l\u2019int\u00e9rieur d\u2019un site tiers par le biais de proc\u00e9d\u00e9s dits d\u2019inclusion, de frame ou de tout autre moyen sont interdits.<\/p>\n\n\n\n<h2 class=\"wp-block-heading\">ACCESSIBILITE<\/h2>\n\n\n\n<p>Les pages du site annabeille.fr ont \u00e9t\u00e9 d\u00e9velopp\u00e9es dans le respect des standards en usage sur internet, et sont conformes \u00e0 la norme XHTML 1.0 Transitionnel \u00e9tablie par le W3C.<\/p>\n\n\n\n<h2 class=\"wp-block-heading\">RESPONSABILITE<\/h2>\n\n\n\n<p>Les articles que nous vendons sont d\u00e9crits et pr\u00e9sent\u00e9s avec la plus grande exactitude. Cependant les coloris peuvent \u00eatre alt\u00e9r\u00e9s par votre \u00e9cran d&#8217;ordinateur et nous ne pouvons les garantir contractuellement.<\/p>\n\n\n\n<p>Nous ne sommes tenus que d&#8217;une obligation de moyens en ce qui concerne le fonctionnement et la continuit\u00e9 du service sur internet. Nous ne pourrions donc voir notre responsabilit\u00e9 engag\u00e9e pour les inconv\u00e9nients et dommages qui r\u00e9sulteraient de l&#8217;utilisation du r\u00e9seau internet tels qu\u2019une rupture dans la continuit\u00e9 du service, la pr\u00e9sence de virus informatiques ou des intrusions ext\u00e9rieures ou, plus g\u00e9n\u00e9ralement, tout cas qualifi\u00e9 de force majeure par les tribunaux fran\u00e7ais.<\/p>\n\n\n\n<p>Le r\u00e8glement du prix des produits rend la commande d\u00e9finitive et la responsabilit\u00e9 de LES PETITS PANIERS D\u2019ANNE ne saurait \u00eatre recherch\u00e9e dans le cas o\u00f9 les informations relatives \u00e0 la commande s\u2019av\u00e8reraient incompl\u00e8tes, insuffisantes ou erron\u00e9es et n\u2019auraient pas permis au transporteur mandat\u00e9 par LES PETITS PANIERS D\u2019ANNE d\u2019assurer la livraison ou de d\u00e9poser l\u2019avis de passage.<\/p>\n\n\n\n<h2 class=\"wp-block-heading\">CAS DE FORCE MAJEURE<\/h2>\n\n\n\n<p>LES PETITS PANIERS D\u2019ANNE est exon\u00e9r\u00e9 de sa responsabilit\u00e9, dans tous les cas de force majeure, li\u00e9s \u00e0 des circonstances irr\u00e9sistibles, impr\u00e9visibles et ext\u00e9rieures. Sont consid\u00e9r\u00e9s comme cas de force majeure les cas de sinistres ou d\u2019intemp\u00e9ries reconnus, de gr\u00e8ve des prestataires logistiques, ou de tout autre \u00e9v\u00e8nement susceptible de perturber la bonne circulation des marchandises et des flux informatiques<\/p>\n","protected":false},"excerpt":{"rendered":"<p>EDITEUR DU SITE La Soci\u00e9t\u00e9 LES PETITS PANIERS D\u2019ANNE est un Entrepreneur individuel, immatricul\u00e9e au RCS Paris \u2013 N\u00b0 SIRET 84797966300022 \u2013 N\u00b0 TVA intracommunautaire FR26847979663, dont le si\u00e8ge social est 384, ALL DE BELLEVUE, 24100 LEMBRAS \u00e9dite le site annabeille.fr. Le site est h\u00e9berg\u00e9 par OVH.&nbsp; Cette boutique en ligne a \u00e9t\u00e9 cr\u00e9\u00e9e \u00e0 [&hellip;]<\/p>\n","protected":false},"author":1,"featured_media":0,"parent":0,"menu_order":0,"comment_status":"closed","ping_status":"closed","template":"","meta":{"footnotes":""},"class_list":["post-78","page","type-page","status-publish","hentry"],"_links":{"self":[{"href":"https:\/\/d.annabeille.fr\/index.php?rest_route=\/wp\/v2\/pages\/78","targetHints":{"allow":["GET"]}}],"collection":[{"href":"https:\/\/d.annabeille.fr\/index.php?rest_route=\/wp\/v2\/pages"}],"about":[{"href":"https:\/\/d.annabeille.fr\/index.php?rest_route=\/wp\/v2\/types\/page"}],"author":[{"embeddable":true,"href":"https:\/\/d.annabeille.fr\/index.php?rest_route=\/wp\/v2\/users\/1"}],"replies":[{"embeddable":true,"href":"https:\/\/d.annabeille.fr\/index.php?rest_route=%2Fwp%2Fv2%2Fcomments&post=78"}],"version-history":[{"count":1,"href":"https:\/\/d.annabeille.fr\/index.php?rest_route=\/wp\/v2\/pages\/78\/revisions"}],"predecessor-version":[{"id":79,"href":"https:\/\/d.annabeille.fr\/index.php?rest_route=\/wp\/v2\/pages\/78\/revisions\/79"}],"wp:attachment":[{"href":"https:\/\/d.annabeille.fr\/index.php?rest_route=%2Fwp%2Fv2%2Fmedia&parent=78"}],"curies":[{"name":"wp","href":"https:\/\/api.w.org\/{rel}","templated":true}]}}